n/(-4))/1 is divided by 4?
2
Let g = 60 + -54. Calculate the remainder when 4/2 - (-1 - 119) is divided by (g/(-4))/((-6)/124).
29
What is the remainder when -1 + (76 - -3)*4 is divided by 20?
15
Calculate the remainder when ((-1)/(-3))/(10/(126*5)) is divided by 14.
7
Suppose 0 = 2*x + 8 - 46. Let d = 677 - 611. Calculate the remainder when d is divided by x.
9
Suppose 1159 = 32*l + 39. What is the remainder when 134 is divided by l?
29
Let h(p) = 5*p + 131. What is the remainder when 179 is divided by h(-14)?
57
Let v(k) = 30*k**3 + 5*k**2. Suppose 7*c = 5*c - 4. Let z = c - -14. Calculate the remainder when v(1) is divided by z.
11
Let m(k) = -14*k + 1. Let z be m(-1). Let b = 64 - z. Calculate the remainder when b is divided by (-17)/(-2 + (8 - 7)).
15
Let z(p) = -60*p - 52. What is the remainder when z(-3) is divided by 33?
29
Let t = -5 - -7. Suppose -y + 4*y - t*h = 54, -y + 35 = 5*h. Suppose -2*z + 51 = 2*k + 3*k, 0 = 2*k - 5*z - 32. What is the remainder when y is divided by k?
9
Let k(h) = 268*h - 15. Calculate the remainder when k(1) is divided by 30.
13
Suppose 5*t = -0*t - 25, i = -4*t - 4. Suppose -2*v = 4*u - 198, u + 5*v - 67 - 5 = 0. What is the remainder when u is divided by i?
15
Suppose 7*m - 335 - 393 = 0. What is the remainder when m is divided by 53?
51
Let z(r) be the third derivative of -r**5/60 - r**4/8 + r**2. Let p be z(-3). Suppose -v + 14 = -p*v. What is the remainder when 55 is divided by v?
13
Let r(w) = -w**2 + 2*w + 2. Let z be r(3). Let l(h) = h**2 + h. Let d be l(z). Suppose 5*i + d*i = 325. Calculate the remainder when i is divided by 17.
14
Let k(d) = 56*d + 5. What is the remainder when k(5) is divided by 72?
69
Calculate the remainder when 242 is divided by 12 + 320/(-28) + (-864)/(-7).
118
Let y(s) = 9*s + 4. Let t be y(2). Let z = 23 - t. What is the remainder when 73 is divided by 10/8*20/z?
23
Suppose -2*i = -m + 20, 0*m - i - 52 = -2*m. Calculate the remainder when 50 is divided by m.
22
Let t be 3*(-1 - -1 - 1). Let q be 25/6 + t/18. Suppose s - q*s = -9. Calculate the remainder when s is divided by 2.
1
Let n(w) = 4*w**3 + 15*w**2 + 15*w - 11. Let r(c) = c**3 + c**2 + c - 1. Let t(o) = -n(o) + 5*r(o). What is the remainder when t(11) is divided by 4?
1
Let n be -4*((-5)/(-2) + -4). Suppose -6*h - n = -246. What is the remainder when h is divided by 21?
19
Let u(x) = 2*x**2 + 4*x + 6. Let v be u(6). Suppose a + 3*q = -v, 2*q - 3 = 5. What is the remainder when (a/12)/(3/(-6)) is divided by 7?
5
Let l(a) = a**3 - 2*a**2 + 2*a - 3. Suppose u = 2*i - 27, 9*u + 67 = 5*i + 7*u. What is the remainder when l(4) is divided by i?
11
Let x be -3 + 2*-4 + 2. Let d(p) = -3*p - 21. Calculate the remainder when d(x) is divided by 5.
1
Suppose 3*x - 408 = -3*b, x + 2*b = -43 + 174. Let p = x - 50. What is the remainder when p is divided by ((-33)/(-5) - 2)*5?
22
What is the remainder when (19 + -1)/(27/144) is divided by 26?
18
Suppose 6*n = 7*n - 73. Let z(l) = -4*l - 49. What is the remainder when n is divided by z(-17)?
16
Let r = -279 + 286. Suppose -4*h = w - 0*h - 30, 3*w = 2*h + 20. Calculate the remainder when w is divided by r.
3
Let b(p) = -p**2 - 11*p + 1. Suppose 34 = 4*x + 3*t, 2*t + 48 = 4*x - 2*t. Let o = x - 19. What is the remainder when 37 is divided by b(o)?
18
Let a(u) = 11*u**2 - 4*u. Let j(v) = -3 - 11*v + 3 + v**2 + 10*v. Let b(i) = a(i) - 5*j(i). Calculate the remainder when 13 is divided by b(1).
6
Let f(v) = 11*v + 85. What is the remainder when 11 is divided by f(-7)?
3
Let l = 15 - 11. Suppose l*z - 290 = -2*h, -65 = -z - 2*h + 3*h. What is the remainder when z is divided by 24?
22
Suppose -p = -0*p - 21. Suppose h = -2*r + 4*r + p, 5*r = -5*h + 30. Calculate the remainder when 20 is divided by h.
9
Let p = 39 + -27. Suppose -84 = 2*u - 0*k - k, -u - k = 45. Let c = -22 - u. Calculate the remainder when c is divided by p.
9
Let t = 56 - 46. Suppose 4*q - t*q = -150. Calculate the remainder when 73 is divided by q.
23
Suppose 5*n - 314 = 3*h, -n - 3*h + 55 + 15 = 0. Calculate the remainder when 511 is divided by n.
63
Calculate the remainder when 78/6*4*12/2 is divided by 63.
60
Suppose -2*b = 4*r - 44, -29 = -r - 11*b + 6*b. What is the remainder when 59 is divided by r?
5
Suppose -4*m + 0 - 8 = 0. What is the remainder when (-82)/4*(m + 1 + -1) is divided by 23?
18
Suppose 375 = -889*v + 894*v. Calculate the remainder when 247 is divided by v.
22
Suppose -x - 2*y = -23, 4*y - 23 = -x + 5*y. Let l = 106 + -98. Calculate the remainder when x is divided by l.
7
Suppose -2*c + 7*c = 0. Suppose c = h + 11 - 40. What is the remainder when 51 - ((0 + -5 - 2) + 3) is divided by h?
26
Let g(k) be the first derivative of -k**2/2 + 4*k + 2. Let r(f) = -f**2 + 19*f + 5. What is the remainder when g(-5) is divided by r(19)?
4
Suppose -s + 98 = s. Suppose -33 = -h + 39. Suppose 4*j + z - h = 0, -3*j + 0*z + 71 = 5*z. Calculate the remainder when s is divided by j.
15
Let g be 12/15 + 20/(-25). Suppose -s + g + 22 = 0. Suppose -2*o = -5*o + 39. What is the remainder when s is divided by o?
9
Let r = -89 - -148. Let x = 55 + -35. What is the remainder when r is divided by x?
19
Let n = -431 - -468. Calculate the remainder when n is divided by 18.
1
Suppose -21*w + 17005 + 11471 = 0. What is the remainder when w is divided by 9?
6
What is the remainder when 14 + -5 - 1 - (-223)/1 is divided by 26?
23
Suppose 24 = 6*o - 2*o. Suppose o + 0 = 2*y. Suppose 2*u = -x + y, 5*x = -3*u + 5*u + 63. Calculate the remainder when 32 is divided by x.
10
Suppose 1118*s - 1200 = 1088*s. Suppose 3*c - 40 = 191. What is the remainder when c is divided by s?
37
Suppose 0 = 24*z - 7*z - 4335. What is the remainder when z is divided by 3?
0
Suppose -4*d + 604 = 4*u, 124 = 2*d + 3*u - 181. Calculate the remainder when d is divided by 27.
13
Let o = 184 - 132. Calculate the remainder when 309 is divided by o.
49
Let d(p) = p**2 - 30*p + 216. What is the remainder when 218 is divided by d(22)?
18
Let q be (-1)/(-3) - 336/9. Let j = q + 17. Calculate the remainder when 16 is divided by (9 + -4)/(j/(-24)).
4
Suppose -2*x = -11 + 13. Calculate the remainder when 65 is divided by 11/(-2)*x*2.
10
Let z(a) = a**2 + 28*a - 164. Suppose 0*c + 75 = 5*c. Calculate the remainder when z(6) is divided by c.
10
Suppose -3*w = -t + 36, 4*t + 4*w = 2*w + 186. What is the remainder when t is divided by 24/2 + -1 + 1?
9
Calculate the remainder when 765/7 - -2*(-2)/14 is divided by 32.
13
Suppose -4*j - 20 = 4*p, -j - 4*j + 3*p = 1. Calculate the remainder when 89 is divided by (j - -4)*(-3 - -19).
25
Suppose -3*t + 350 + 28 = 0. What is the remainder when t is divided by 57?
12
Suppose 0 = 5*u - 6*u - 8. Calculate the remainder when (-8)/(7/((-364)/8)) is divided by 144/4*(-4)/u.
16
Let f = 14 - 9. Suppose 0 = -f*c - 24 + 309. Calculate the remainder when c is divided by 29.
28
Let v = -123 - -137. Suppose 2*r = -0*h - h + 9, -r = 4*h - 1. Calculate the remainder when v is divided by r.
4
Calculate the remainder when 6/(-8) + 6/((-72)/(-5829)) is divided by 159.
8
Let o = 113 - 91. Suppose -3*g + 5 = x - o, -g = 4*x - 163. What is the remainder when x is divided by -2 - (-2 + -11*1)?
9
Let b = -31 + 45. Let k = -16 + b. Calculate the remainder when 20 is divided by -5*(k - 6/15).
8
Let o = 65 + -49. Suppose 74 = 3*t + 4*m + o, 88 = 3*t - 2*m. Calculate the remainder when 101 is divided by t.
23
Let c = 13 - -3. Let f = 195 - -174. Let a = f - 339. Calculate the remainder when a is divided by c.
14
Suppose -5*g - 41 = 2*o - 4*o, -4*g + 4 = 3*o. Calculate the remainder when 43 is divided by o.
3
Suppose 4 = -3*m - 4*q + 7, 4*q = 2*m + 18. Calculate the remainder when (-1)/(8/6)*(-127 - m) is divided by 12.
9
Calculate the remainder when 2 + 14*19 - (-109 - -103) is divided by 8.
2
Calculate the remainder when 121 is divided by 8/(8/(-3)) - 1*-30.
13
Let n(r) = r**3 + 8*r**2 + r + 13. Let f be n(-8). Let v = -2 + f. Calculate the remainder when 6 is divided by v.
0
Suppose -4*x + 7*x - 4*s = 49, 0 = -2*x - s + 29. What is the remainder when 119 is divided by x?
14
Let o(k) = 6*k**3 + 3*k**2 - 4. Let d be o(-2). Suppose 0 = -5*g + 22 + 13. What is the remainder when 34 is divided by 59/g - d/70?
7
Suppose -3*d - 2*g = -128, -2*g + 7*g = 4*d 